 143. Calculate the highest common factor of s and d.
2
Let t be (-3)/(-4) - (-833)/4. Suppose -15*n + 43 = -452. Calculate the highest common divisor of t and n.
11
Let i = 0 - -4. Let x be (-12)/9*150/(-4). Suppose -17*d = -12*d - x. What is the greatest common divisor of i and d?
2
Suppose 70 = 2*u + 4*o, 3*u - 115 = 5*o - 10. Let b = 579 - 334. Let x = 252 - b. Calculate the greatest common factor of u and x.
7
Suppose 740278 = -917*j + 940*j. Calculate the highest common factor of j and 532.
266
Suppose -2*s - 1560 = 816. Let o be (s/42)/((-6)/56). Let a be 6 + 382/14 - 6/21. What is the greatest common factor of o and a?
33
Suppose -2*j + 90 = 7*j. Let a(r) = -7*r + 0*r**3 + 10 - 4*r**2 + 11*r - r**3. Let c be a(-5). Calculate the highest common divisor of c and j.
5
Suppose 0 = -309*a + 307*a - 156. Let q be 4 + a/18 - (-118)/3. What is the highest common factor of 208 and q?
13
Let v = -138 - -208. Suppose -12*a - v = -14*a. What is the highest common divisor of 28 and a?
7
Let t be 192/(-18) - -8 - (-1)/(-3). Let p be (9/18)/(t/(-6)*-1). Let a be 1 - (p - 21 - (-3 + 4)). What is the greatest common factor of a and 96?
24
Let d be ((-4)/(-5) + 279/(-155))*-4*2. Calculate the highest common factor of d and 3272.
8
Let k = 1261 + -1183. Let b = -15 - -33. Let v = -12 + b. Calculate the greatest common factor of v and k.
6
Let u be (-6984)/12*(460/(-200) - (-8)/10). What is the greatest common factor of u and 679?
97
Let p = 70 - 42. Suppose p*u = 29*u - 15. Suppose o - 3*o = 5*q - u, -5*o = -5*q + 15. What is the highest common factor of q and 24?
3
Let b = 21 + 139. Suppose -8*d = -z - 10*d + 226, -d = z - 225. Suppose 0 = 15*v - 8*v - z. What is the highest common factor of b and v?
32
Suppose -2*a + 217 = -43. Let d(p) = 3*p**2 - 583*p + 27338. Let z be d(116). Calculate the greatest common factor of z and a.
26
Let j = -99 - -92. Let b be j/(28/20) - -70. What is the greatest common factor of b and 13?
13
Suppose 49067 - 17123 = 66*n. What is the greatest common divisor of n and 3509?
121
Suppose -33*a + 28*a = -2*f - 56192, -5*f - 33700 = -3*a. Calculate the greatest common divisor of a and 80.
40
Let p = -9006 + 9010. Let g = 2 - 2. Suppose -h - 2*b + 7*b - 1 = g, -2*b + 10 = 2*h. What is the greatest common factor of p and h?
4
Suppose -k + 2 = 0, 282 + 226 = -2*f + 3*k. Let w = f + 466. Calculate the highest common factor of w and 86.
43
Suppose -3*r + 2193 = 4*u, -15*u = -14*u + r - 548. What is the highest common divisor of u and 81?
9
Let a = 1464 + 2505. What is the highest common divisor of 294 and a?
147
Suppose -35*f + 34*f + 17 = 0. Suppose -3*a + 20 + 23 = -4*r, a = 2*r + f. What is the greatest common divisor of a and 81?
9
Suppose -704*f + 707*f - 2*q - 2164 = 0, -2*f = -2*q - 1444. What is the highest common divisor of f and 1020?
60
Let b = 8327 + -5185. What is the highest common factor of 2 and b?
2
Suppose -3*p - 2606 = -h, 4*h = 6*h + 3*p - 5149. Calculate the highest common divisor of 110 and h.
55
Let d(r) = -r**2 + r. Let f(b) = -b**2 - 16*b - 1. Let v be f(-16). Let p be d(v). Let g be (63 - 1)*p/(-4). Calculate the greatest common divisor of g and 31.
31
Suppose -l + 4 = -7. Suppose -162*o - 2542 + 9670 = 54*o. Calculate the greatest common factor of o and l.
11
Suppose 5*u = -7*h + 6752, 3*h + 34 - 5420 = -4*u. What is the highest common factor of u and 264?
22
Let t = 97 + -93. Suppose 157 = t*l + m, -2*l = -2*m + 7*m - 65. What is the highest common divisor of l and 8?
8
Let r be -1*((-1)/(-3))/((-3)/2007). Let i = r + -124. What is the highest common divisor of i and 9?
9
Let c(g) = -23*g - 2. Let v be c(-2). Suppose -3*h - 25 = t, -6 = -4*h + 2*h. Let o = t + 56. Calculate the highest common factor of o and v.
22
Suppose 0 = r + 3*z - 38, -9*z = -4*z - 10. Calculate the highest common factor of 2336 and r.
32
Let n be 3 + 1 + -1 + 0. Suppose -121 = 4*i + 659. Let w = 228 + i. Calculate the greatest common divisor of n and w.
3
Let k be (-1813)/2405 - 14/(-91) - 3096/(-10). Calculate the highest common divisor of 515 and k.
103
Suppose -36*i = -84*i - 74*i + 15738. Calculate the highest common divisor of 1032 and i.
129
Let i = -68 - -103. Suppose 5*h - 47*o = -52*o + 365, 0 = -4*h + 2*o + 316. What is the highest common factor of h and i?
7
Let v(p) = 12*p - 9. Let c be ((-8)/10)/(-7 + 198/30). Let x be v(c). Let o(h) = h**2 - 8*h + 3. Let g be o(8). Calculate the highest common factor of g and x.
3
Let h = -116 - -119. Suppose 122 = -h*o - n, -o + 5*n - 36 = 3*n. Let z be 258/16 - (-1 + (-45)/o). What is the greatest common factor of z and 176?
16
Let l(b) = 2*b**2 - 31. Let f be l(4). Suppose -y = -f - 86. What is the greatest common factor of 957 and y?
87
Let a(i) = i**3 - 9*i**2 + 22*i - 21. Let u be a(6). Suppose -2*d - 2*d = -u*m + 19, -5*m + 2*d + 55 = 0. Calculate the highest common factor of 143 and m.
13
Suppose 12*x - 335 = 239 - 166. Calculate the greatest common factor of x and 18088.
34
Let k be 3 - 24/4 - -3. Suppose k = 12*p + 74 + 106. Let m be -1 + (-25)/p*3. Calculate the greatest common divisor of 44 and m.
4
Suppose 3*v - 157 = -31. Let d be (4/6)/(7/v). Let g be d + -1 - (-13 + 1). What is the greatest common factor of g and 6?
3
Suppose 69*d - 2429 = 3367. Let w be (27 - (-1 - 2)) + -1. Suppose 2*o = 3*c + 54, -o + 3*c - c + w = 0. What is the highest common divisor of d and o?
21
Let j = 99 - 76. Suppose 5*i - 441 = 364. Calculate the highest common divisor of i and j.
23
Let j = 950 + -872. Let s be (-36)/(-3)*130/j. What is the greatest common divisor of s and 32?
4
Let p be 574 + (20/(-2))/(14 + 297/(-18)). Let v be 692/20 - (-3)/(-5). Calculate the greatest common factor of v and p.
34
Let p(q) = 44*q + 925. Let w be p(-17). What is the highest common factor of 1180 and w?
59
Let p = 110 - 111. Let x be 5*(p - 17/(-5)). Let v be 160/x - (-3)/(-9). What is the greatest common factor of 104 and v?
13
Suppose 2*z - 1228 = -j, 3*j - 3321 = -5*z + 364. Calculate the highest common divisor of j and 780.
30
Suppose 18*c = 5*j - 2*j - 516, 935 = 5*j - 5*c. What is the greatest common factor of j and 817?
19
Let i(x) = -25*x**2 + x + 4. Let d(b) = -25*b**2 + 4. Let l(y) = -5*d(y) + 4*i(y). Let a be l(2). Calculate the highest common divisor of a and 13.
13
Let u be (-16)/(-4) - 6 - -3. Let l be (u - -26)*(-1)/(-3). Let o be (7 - 5) + (-4)/4. What is the greatest common divisor of l and o?
1
Let q be 10/4*2 - 2. Suppose -48 = -0*m - q*m. Let r(f) = 44*f**3 - 3*f**2 + 13*f - 14. Let b be r(1). What is the greatest common factor of m and b?
8
Let z be (-15)/(-6) + 3/6. Suppose 0 = 3*x + z*v - 3, -6*x - 13 = -7*x + 2*v. Suppose 0 = -5*q + 6*q - 40. Calculate the highest common factor of x and q.
5
Let f(j) = -145*j**3 - 4*j**2 + 24*j + 59. Let i be f(-2). What is the highest common divisor of 315 and i?
105
Suppose -3*x + 84 = 3*z - 264, 0 = 3*z + x - 362. What is the greatest common factor of 12341 and z?
41
Let i be (39 + 1)*-14*(-6)/30. What is the highest common divisor of 240 and i?
16
Let w = 285 - 283. Suppose -w*x = 4*i - 298, -4*x + 188 = 4*i - 400. Calculate the greatest common divisor of 5 and x.
5
Let n(a) be the second derivative of 11/6*a**3 + 8*a + 1/12*a**4 + 0 + 5/2*a**2. Let g be n(5). What is the greatest common factor of g and 17?
17
Suppose -3*i + z = -1531, 2 = -2*z - 0. What is the highest common divisor of 119 and i?
17
Suppose -4*i - 35 = -3*q - 93, -48 = -3*i + 3*q. Suppose -550 = 2*r - 7*r. Calculate the highest common factor of i and r.
10
Suppose 171964*f + 15876 = 172153*f. Suppose 2*i - 32 = 160. What is the greatest common factor of f and i?
12
Let v(q) = -q**3 - 2*q**2 - 32*q - 128. Let l be v(-6). Calculate the greatest common factor of 156 and l.
52
Let b = 8767 - 6991. Calculate the greatest common factor of 144 and b.
48
Suppose -3*u + 1 = -m, -3*m - 2 - 1 = 4*u. Suppose u = -5*t - 1620 - 1460. Let p be t/(-12) - (-8)/12. Calculate the greatest common factor of 130 and p.
26
Let m = -297 + 300. Suppose 2*x - 1476 = -5*i, m*x + 27 = -3*i + 918. Calculate the highest common divisor of i and 12.
6
Let i be (-4)/(-2) + (13 - (7 - -6)). Let r(q) = -13*q + 70. Let u be r(i). Calculate the highest common divisor of 77 and u.
11
Let u(w) = -w**2 - 39*w -